*b + 7*b - 5*c + 159 = 0. Let m = -37 - b. Calculate z(m).
11
Let m(g) be the third derivative of -g**4/12 + 7*g**3/2 + 15*g**2 + 5*g. What is m(8)?
5
Let f(k) = k - 8. Let b = -21 + 21. Let r be 1 + 24/4 - b. Give f(r).
-1
Let p(h) = -h**2 + 5*h + 9. Suppose -5 = z + 6. Let l = -5 - z. Let b be p(l). Let r(u) = u**2 - 4*u + 3. Determine r(b).
0
Suppose 0 = 6*l - 2*l + 4*f + 36, 37 = -5*l - 3*f. Let c(h) = h**2 + 3*h - 10. Calculate c(l).
0
Let v(a) = a - 12. Let w(h) = 2*h - 26. Let d(p) = 9*v(p) - 4*w(p). Suppose -2*m + 5 = -4*t - 1, -4*m - t = -21. Give d(m).
1
Let t(r) = -8*r**2. Let d(n) = n**2 + n + 1. Let l(o) = -d(o) - t(o). Let b(g) = 7*g**2 - g - 2. Let y(k) = 2*b(k) - 3*l(k). Let q = 4 + -3. Give y(q).
-7
Let u(d) be the first derivative of d - 2*d**3 - 1/2*d**2 - 5. Suppose 7*x - 2*x - 5 = 0. Calculate u(x).
-6
Suppose -y = 776 - 768. Let o(g) = -g - 7. Give o(y).
1
Let u(t) = -t - 13. Suppose 11 = -3*q - 4. What is u(q)?
-8
Let k = -35 + -18. Let r = k - -48. Let m(l) = -l**3 - 4*l**2 + 7*l - 2. Calculate m(r).
-12
Let k be 8/(10 - 56/6). Let p(f) = -f**2 + 13*f - 8. Give p(k).
4
Let c = 1 - 0. Let b(a) = 12*a**2 + 15*a + 2. Let w(h) = h**2 + 7*h + 1. Let v(u) = -b(u) + 2*w(u). Determine v(c).
-11
Let y(t) = 4*t**3 + 2*t - 1. Suppose 159 = -5*j + 544. Let d = j - 76. Calculate y(d).
5
Let x(d) = -d**2 - 4*d. Suppose -7 = 9*j - 8*j. Let o(f) = f + 14. Let u be o(j). Suppose -u = 2*r + 1. Calculate x(r).
0
Let c(o) = o - 7. Let a be 3 + 2 + -3 - -1*3. Determine c(a).
-2
Suppose 0 = 3*q + q - 8. Let j(w) = -2*w - 2. Let a(c) = c + 2. Let b(d) = -7*a(d) - 6*j(d). Calculate b(q).
8
Let q(u) = -u**3 + 27. Suppose -3*n = -5*n - 146. Let m = 73 + n. Give q(m).
27
Let b(r) = r. Suppose 0 = -4*z - 3*x + 9 + 3, -16 = -z - 4*x. Suppose -5*n + 20 = -z. Give b(n).
4
Let c(k) = k - 4. Let w be (-10)/4*(-6)/(-3). Let n(p) = p - 5. Let v(b) = w*c(b) + 4*n(b). Suppose 5*s - 7 = 4*f + 13, 5*f + 2*s = -25. Give v(f).
5
Let g = 55 + 68. Let o = g + -126. Let n(r) = 3*r**2 + 3*r + 1. Calculate n(o).
19
Let d(v) = -v**2 - 6*v + 8. Let p(s) = s**2 + 3*s - 7. Let x = -19 - -15. Let q be p(x). Let a be (8/12)/(q/27). Calculate d(a).
8
Suppose -r + 0*n = n - 1, 2*r + 4*n - 4 = 0. Let k(u) = u - 2. Let x be k(7). Let y(d) = x + d + d - 3*d. Determine y(r).
5
Let o be (-8)/2 + -9 + 8. Let n(m) = m**3 + 4*m**2 - 6*m - 2. Calculate n(o).
3
Let a(g) = g**2 - 5*g + 2. Let u(t) = -86*t**3 + 2*t**2 + 2*t - 2. Let x be u(1). Let z = x - -89. What is a(z)?
2
Let o = -2054 + 2045. Let s(a) = -2 + 3 + 1 + a. Determine s(o).
-7
Let g(w) = w**2 + w**3 + 1 - 5*w + 2*w - 5*w**2 + 10*w - 2*w. Let o = -4 + 8. Calculate g(o).
21
Let z(p) = -42 - 38 + p + 78. Let l be (12/8)/(3/(-8)). Calculate z(l).
-6
Suppose -t = 3*d - 0*t - 97, -2*t + 24 = d. Let o(c) = -37*c - 1 + 70*c - d*c. Give o(0).
-1
Let l(n) be the first derivative of n**4/4 + 7*n**3/3 + n**2/2 + 7*n - 453. What is l(-7)?
0
Let m(p) = -p**3 + 12*p**2 - 6*p - 14. Let q be (0*(-7)/42)/(-2) + 11. What is m(q)?
41
Let p(s) = -8*s - 7*s + 19*s + 3*s**2 - 4*s**2 + 3. Give p(5).
-2
Suppose b = -4*b. Let p(i) = b*i - 3*i - 4 + 4 + 2. Let v = -38 - -42. Give p(v).
-10
Let h = 3 - 1. Let f(c) = 11 - 10 - 5*c + 7*c. Give f(h).
5
Let w be 2/((10/4)/5). Suppose 0 = -4*y + 16, w*y = 5*k + 6*y - 38. Suppose 6 + 0 = k*q. Let z(a) = -5*a**3 + 2*a - 1. Give z(q).
-4
Let n(x) = 2*x - 8. Let j = -149 - -106. Let q = -36 - j. Calculate n(q).
6
Let z = 54 + -16. Suppose 2*y = 10, -b - 2*y - 6 = -z. Let g = -17 + b. Let n(p) = 3*p - 6. Calculate n(g).
9
Let k(j) be the third derivative of j**5/20 + j**4/24 + 2*j**2. Suppose 2 - 4 = 2*u. Give k(u).
2
Let z(q) = -q**2 - 13*q - 14. Let v(r) = r**3 + 7*r**2 + 8*r + 1. Let h be v(-6). Determine z(h).
8
Let v(r) be the third derivative of r**4/12 - 2*r**3/3 + 241*r**2. What is v(7)?
10
Let u(v) be the third derivative of -v**6/120 + 7*v**5/60 - 5*v**4/24 + v**3/3 - 6*v**2. Let h be (3 - 0)/(-6) + (-26)/(-4). Determine u(h).
8
Let d(q) = -3*q - 11 - 3*q + q**3 - 7*q**2 + 3*q - 4*q. Calculate d(8).
-3
Let h be (-1539)/297 + (-18)/22 + 1. Let r(f) = -f**3 + f**2 + f - 1. Let x(z) = -5*z**3 + 11*z**2 + 8*z - 3. Let n(i) = -6*r(i) + x(i). Determine n(h).
-7
Let v(c) be the third derivative of -c**6/120 + c**5/12 + c**4/3 - 4*c**3/3 + 6*c**2. Let a be (-12)/(-4)*(4 - (-4 + 6)). What is v(a)?
4
Let k(a) = -a + 3. Let u be (42/49)/(0 + 2/14). What is k(u)?
-3
Let i(k) = k**3 + 5*k**2 + k - 5. Let x = 481 - 486. What is i(x)?
-10
Let t(v) = v**2 - 8*v - 9. Suppose -16*c + 18*c = 8. Let h be 8 + -2 + 2 + 0/c. What is t(h)?
-9
Let b(h) = h**2 - 5*h + 10. Suppose -4*r = 5*m - 53, 34*m + 3*r + 3 = 35*m. Calculate b(m).
46
Let y(t) be the second derivative of t**6/120 - 2*t**3/3 - 9*t**2 + 25*t. Let u(f) be the first derivative of y(f). Determine u(0).
-4
Suppose 7*g + 2*g = 2*g. Let x(y) = -y**3 + y - 71. Calculate x(g).
-71
Let j(w) = 24*w + 9. Let l(x) = -12*x - 5. Let u(f) = 6*j(f) + 11*l(f). Suppose -4*v + 10 = -3*v. Let r be (-2)/(-6)*(v - 7). Determine u(r).
11
Let y(z) be the second derivative of -7/2*z**2 - 4/3*z**3 + 1/3*z**4 + 11*z + 0 + 1/20*z**5. Calculate y(-5).
8
Let x(p) = -p**3 + 7*p**2 - 6*p + 1. Let s be (-1)/3 - (-6)/(-9). Let m be (-3 + s)*(-4)/16*6. What is x(m)?
1
Let t = -255 - -270. Let u(i) = -i**3 + 15*i**2 + i - 8. What is u(t)?
7
Let p = 4 + -2. Let z be p/(-3)*(-1 - 2). Let c(o) = -2*o - z*o - 2 + o**2 + 7*o. Determine c(-4).
2
Let u(o) = -o + 2. Let r be u(-2). Suppose r*m + d = 6, -2*m + 7*m + 1 = 3*d. Let b be ((3 - 3) + 1)/m. Let g(f) = -7*f**3 + f**2 - f + 1. What is g(b)?
-6
Let v(k) = -k**3 - 2*k**2 + 4*k - 2. Suppose 3*n + 271 = 4*z, 0*z + 207 = 3*z - n. Let g = z + -74. What is v(g)?
14
Let r(k) = -k - 6. Let g be ((-8)/6)/(4/(-12)). Give r(g).
-10
Let h = 24 + -22. Suppose h = -7*n + 9. Let b(s) = s - 1. Give b(n).
0
Let l = -1218 + 1230. Let j(u) = -u**3 + 14*u**2 - 22*u - 11. Determine j(l).
13
Let b(f) = f + 10. Let x = -1605 - -1605. Give b(x).
10
Let c(v) = -1 - 10*v - 38*v**2 + 39*v**2 - 1 + 6. Let o = 34 - 27. Calculate c(o).
-17
Let z(o) = -o. Let n(c) = -3*c - 19. Let h be n(-6). Let i = h - -22. Let m = 26 - i. Determine z(m).
-5
Let c be (-24)/(-32) + (-177)/12. Let x = c + 16. Let k(r) = r**2 + 4*r - 6 - x + 11 - 4. Calculate k(-6).
11
Let y = 393 + -398. Let l(v) = -v**3 - 5*v**2 - 2*v - 1. Determine l(y).
9
Suppose 3*o + 1 = 4. Let r(z) = 36*z**2 + z - 1. What is r(o)?
36
Let o(w) = -5*w**3 + 17*w**2 - w + 7. Let c(f) be the first derivative of 1/2*f**2 + 1/2*f**4 - 8/3*f**3 - 4*f + 5. Let v(j) = 7*c(j) + 3*o(j). Calculate v(-6).
5
Let b(a) = 10*a**2 - 4*a - 1. Let s be -6*1*(-2 + 3). Let m(g) = 29*g**2 - 11*g - 3. Let k(t) = s*m(t) + 17*b(t). Determine k(1).
-5
Let f be 9 + 0 + (-1 - 1). Let z(b) = 16 + f*b + 5*b - 4*b**2 + 5*b**2. Let o be z(-11). Let q(r) = r**3 - 5*r**2 + 2*r - 3. Give q(o).
7
Let w(l) = l - 3. Suppose -3*p = -2*i + 8, -5*i + 4*p + 27 = -0*p. Let f be i/1 + (-9)/3. Let t(y) = y**3 - 3*y**2 - 3*y + 2. Let c be t(f). Calculate w(c).
3
Let v = 13 + -10. Suppose 2*l - v = -7. Let t(y) = -y**3 + 2*y**3 + y - 2*y**2 + 4*y**2. What is t(l)?
-2
Let r be 4 - -5*5/(-25). Let q(a) = -6 + 7*a**3 + 3*a**2 - 6*a**r + 0*a**3 - 6*a + 0*a**3. Determine q(-4).
2
Let h(c) be the second derivative of -c**4/12 + c**3/2 - 5*c**2/2 - 172*c. What is h(2)?
-3
Let k = 530 - 535. Let f(c) = -c + 1. Let s(v) = 2*v - 1. Let o(i) = -7*f(i) - 4*s(i). Calculate o(k).
2
Let u be (-1 + (-10)/(-6))/(60/270). Suppose 3*c = -u - 6. Let a(d) = d**3 + 2*d**2 - 2*d - 2. Determine a(c).
-5
Let s(v) be the first derivative of v**4/4 + 7*v**3/3 + 5*v**2/2 + 10*v - 56. Calculate s(-7).
-25
Let w(y) = 57*y - 33*y - 11 - y**2 + 0 - 32*y. Determine w(-9).
-20
Let l(g) = g**2 - g + 8. Suppose -7 = -2*h + 3*o + 12, 6 = -2*o. Suppose h*t = 54 - 19. Let j(z) = z**3 - 8*z**2 + 6*z + 7. Let v be j(t). Calculate l(v).
8
Suppose 0 = -4*s, 16 - 1 = -5*m - s. Let r(o) = 10*o**3 - 5*o**2 - 2*o + 2. Let y(j) = -20*j**3 + 9*j**2 + 4*j - 3. Let p(h) = m*y(h) - 5*r(h). Calculate p(-1).
-11
Let t be (-5)/((-5)/3 + 2/3). Let k(m) be the third derivative of m**5/60 - 7*m**4/24 + m**3/3 - 35*m**2. Calculate k(t).
-8
Let q(s) = -7*s - 19 + 19 - 5. Let c = 2 - -1. Let l(a) = 6*a + 4. Let x(p) = 